st common divisor of b and s.
12
Suppose -k = -4*y + 13, 0*y - 3*y - k = -15. Suppose -102 = y*r - 5*r. Suppose 3*d - 138 = r. Calculate the highest common factor of d and 16.
16
Let w = 224 + -216. Calculate the greatest common divisor of w and 136.
8
Let f be (-185)/30 - -6 - (-595)/6. Let m = f - 96. What is the greatest common factor of 15 and m?
3
Suppose 0 = 3*i - y - 199, -4*i = -3*y - 201 - 71. Calculate the highest common divisor of 5 and i.
5
Let y = 2798 + -1310. What is the highest common divisor of 62 and y?
62
Let k = -9 - -14. Suppose -47 - 3 = -k*d. Let w = 32 + d. Calculate the greatest common divisor of 6 and w.
6
Let u be (-6)/(-4) - (-4 + 11/2). Suppose 0 = -4*d + 3*l - 4*l + 100, 4*d - 2*l - 88 = u. Calculate the greatest common factor of 36 and d.
12
Let o = -114 - -122. Calculate the greatest common divisor of 32 and o.
8
Let n(j) = -17*j - 36. Let x be n(-6). Let k be 3/x*4 - (-522)/33. Calculate the highest common divisor of 12 and k.
4
Let k be (36/10)/(3/(-20)). Let w = k - -36. What is the greatest common divisor of 24 and w?
12
Let y = 15 + -13. Suppose y = 25*r - 23*r. Suppose 5*z - 16 = -u - r, -5*z - 25 = 0. What is the greatest common factor of 60 and u?
20
Let t be (71 - (13 + -22))/(2/3). Calculate the greatest common divisor of 30 and t.
30
Let q = -35 + 91. Let p be 2/6 + 782/102. What is the greatest common factor of q and p?
8
Let l(r) = -2*r**3 + 2*r**2 + r. Let s be l(-1). Suppose x = 4 + s. Suppose k - 49 = 28. What is the greatest common divisor of x and k?
7
Suppose 5*j = 2*h - 73, j + j - 168 = -5*h. Let b = 2 + h. Suppose -5*f + 36 = -9. Calculate the greatest common factor of b and f.
9
Suppose 5*i - 18 = 102. Let g = -2 - -6. Suppose 4*u + 2*s - 1686 = -620, g*s = 5*u - 1300. What is the highest common divisor of u and i?
24
Let d = 11 + -4. Let j be (6/5)/((-33)/(-55)). Suppose -f + 40 = 3*p, 3*p - 44 = 3*f - j*f. What is the highest common divisor of d and p?
7
Let p = 1 - -35. Let d be p + (-3)/(-7) + 3/(-7). What is the highest common factor of 4 and d?
4
Let b = 7 - 5. Suppose -b*z + 4*z = 46. What is the highest common divisor of z and 207?
23
Suppose -396*s - 4408 = -404*s. What is the highest common factor of s and 29?
29
Let v = 135 + -7. Suppose 0 = -5*d - 235 + 45. Let m = -22 - d. Calculate the highest common divisor of m and v.
16
Let t = 409 - 394. Calculate the highest common divisor of 155 and t.
5
Let h = -111 + 110. Let x(m) = -10*m**3 + 2*m**2 + 4*m + 1. Let i be x(h). Let q be (-127)/(-2) - (-1)/(-2). What is the greatest common divisor of q and i?
9
Let f(u) = -u**2 - 12*u - 7. Let h be f(-11). Let g be (-1 + h - 4)*-14. What is the highest common factor of g and 21?
7
Suppose 0 = -25*q + 26*q - 7. What is the greatest common divisor of q and 7?
7
Let a = -100 + 164. Suppose -f + 220 = a. Suppose 2*k + z - f = 5*z, 0 = 2*k + 3*z - 177. What is the greatest common factor of k and 12?
12
Suppose -3*w - 615 = -6*w. Let l = 98 - 16. What is the greatest common divisor of w and l?
41
Let v(b) = b**2 + 1. Let p(w) = -w**2 + 3*w + 3. Let o be (-2)/8 + 156/48. Let i be p(o). Let k be v(i). Calculate the greatest common divisor of k and 60.
10
Suppose -2*s + 340 = 3*r - 3*s, 4*s = 4*r - 464. What is the highest common factor of 308 and r?
28
Let c(y) = 12*y + 500. Let z be c(-39). What is the highest common factor of 112 and z?
16
Let f(a) = 2*a**2 + 16*a + 16. Let o = -49 - -18. Let y = o - -19. Let c be f(y). What is the highest common factor of 14 and c?
14
Let l be ((-978)/(-234) - 6/(-39))*33. What is the highest common factor of l and 234?
13
Let x be -17 - -19 - (-220)/1. Let p = -123 + x. Suppose 4*i + 5*n = 69, -2*n + 31 + 34 = 5*i. What is the greatest common factor of p and i?
11
Let i = -178 - -314. Calculate the greatest common factor of i and 119.
17
Let v(g) = 83*g**2 - 7*g + 8. Let x be v(1). What is the highest common factor of x and 273?
21
Suppose -46*u + 41*u = x - 1276, 2*u + x - 508 = 0. What is the greatest common factor of u and 28?
4
Let g(i) = i**2 + 3*i + 6. Let k be g(0). Calculate the greatest common factor of k and 14.
2
Suppose -4*j + 2 = -6. Let k be 4/(-3)*(-27)/j. Let f = 28 - -17. Calculate the highest common factor of k and f.
9
Suppose 2*w - 36 - 34 = 0. Calculate the greatest common factor of w and 21.
7
Let w = -181 + 229. What is the greatest common factor of 576 and w?
48
Let s be (-1167)/(-778)*(1 - (-438)/2). Calculate the greatest common divisor of 132 and s.
66
Let v be 2 + (-5)/(20/(-8)). Let f(o) = 17*o + 2. Let n be f(2). What is the highest common divisor of v and n?
4
Let i(x) = x**2 - x - 26. Let a be i(16). Suppose a = 3*y + 25. What is the greatest common factor of y and 42?
21
Let r be ((-2)/(-6))/(1/9). Suppose x - 4*w - 9 = 0, -4*x - 5*w + 54 = -r*w. Suppose -5*l + x + 27 = 0. What is the greatest common divisor of 32 and l?
8
Suppose 193 = 5*a + o, -4*o - 137 = -4*a + o. Let y(d) = d**2 - 7*d + 29. Let s be y(5). What is the greatest common divisor of a and s?
19
Let v(r) = r**2 - 6*r + 8. Let n be v(6). Let c(g) = -5*g + 4 + 3 + 6*g. Let o be c(-3). What is the greatest common divisor of n and o?
4
Let z(y) be the second derivative of y**4/12 - 2*y**3/3 + 6*y**2 + 5*y. Let k be z(6). Suppose -h + k = 2*h. Calculate the highest common factor of 8 and h.
8
Let g = -4 - -2. Let m be (-11 + 1)/g - -1. Suppose 70 = 2*d + d + 2*f, m = 3*f. Calculate the highest common factor of d and 33.
11
Suppose 0 = 5*l + 12 - 42. Suppose 2*m = l, -26 = -p - p - 2*m. Let u be (0 - 0) + -4 - (-1 - 43). What is the greatest common divisor of u and p?
10
Let u(a) = -a**3 + 13*a**2 - 9*a - 16. Let n be u(11). Let b = -7 + 11. Suppose -b*q + n + 65 = 0. Calculate the highest common factor of q and 12.
12
Let q = -1 - -29. Suppose -2*a + 69 = -j + 6*j, 2*j - q = -a. Calculate the greatest common factor of j and 65.
13
Suppose -2*k = 11 - 155. Suppose 2*g - 15*g = -104. What is the greatest common factor of k and g?
8
Let i be (2 + (-6)/(-4))*(-40)/(-14). Let a be 8/i - 304/(-95). Calculate the highest common divisor of 68 and a.
4
Suppose -5*c + 11 = 1. Suppose -5*l - 3*z + 176 = 0, -c*l + 3*z + 164 = 3*l. Let k be 3 + 6/6 + 81. Calculate the greatest common divisor of k and l.
17
Suppose -4*p - 5*n - 2 + 5 = 0, 4*n + 12 = 4*p. What is the greatest common divisor of p and 430?
2
Suppose -4*i = 126 - 366. What is the highest common divisor of 30 and i?
30
Let j be (-5)/(1 - (-60)/(-35)). What is the highest common factor of 91 and j?
7
Suppose 6*s = 4*s + 12. Let i be 36/12 - s/(-1). Calculate the highest common divisor of i and 9.
9
Suppose -12 = -2*z - 0. Let x be 20655/(-612)*8/(-5). Calculate the highest common divisor of x and z.
6
Suppose 5 = -5*w, -5*f + w - 164 = -715. What is the greatest common factor of f and 40?
10
Let u = 1472 + -856. What is the greatest common divisor of u and 231?
77
Let m be (-1 - (-3)/(-2))*44/(-10). Calculate the highest common factor of 2 and m.
1
Let p = 1401 - 1398. Calculate the greatest common divisor of 867 and p.
3
Let g = -7 + 37. Calculate the highest common divisor of g and 60.
30
Let q(u) = 0 - 1 + 0*u**2 + 10*u**2. Let d be q(1). Suppose -4*g - 1 = -25. What is the highest common divisor of d and g?
3
Let j be (-2)/1 + (-2 + 35 - -2). Let f = 81 - j. Calculate the greatest common divisor of 120 and f.
24
Let j(s) = 2 - 2 - 3*s + 4 + 5*s**2. Let c be j(-4). Let p be 18/(-30) - (-126)/10. Calculate the greatest common factor of c and p.
12
Let q = -27 + 25. Let t be 6*(2 - (q - 0)) - -2. Calculate the highest common divisor of 13 and t.
13
Let w be (-68)/85 + (-154)/(-5). What is the greatest common divisor of w and 114?
6
Let o = -346 - -351. Calculate the highest common divisor of 9 and o.
1
Let x(o) = -3*o - 5. Let l be x(-4). Suppose 2*r = 27 + 13. Let n = -13 + r. Calculate the greatest common divisor of l and n.
7
Let n(u) = 2*u**3 - 8*u**2 - u + 10. Let i be n(6). Let j be i/6 - 9/(-27). Calculate the highest common divisor of j and 100.
25
Let w(l) = -l**3 + 9*l**2 - 5*l + 3. Let d be w(5). What is the highest common factor of 286 and d?
26
Suppose -g = 4*w - 20, w + 1 = 2. Let x(y) = 34*y**2 + 7*y + 6. Let j be x(-2). Calculate the greatest common divisor of g and j.
16
Suppose 0 = -4*t + t + 26